{"id":740,"date":"2022-04-02T17:14:18","date_gmt":"2022-04-02T15:14:18","guid":{"rendered":"http:\/\/hexabot.pl\/?page_id=740"},"modified":"2022-04-25T23:56:12","modified_gmt":"2022-04-25T21:56:12","slug":"zespol","status":"publish","type":"page","link":"https:\/\/hexabot.pl\/index.php\/home\/zespol\/","title":{"rendered":"Zesp\u00f3\u0142"},"content":{"rendered":"\n<div class=\"wp-block-cover alignfull is-light\" style=\"min-height:700px;aspect-ratio:unset;\"><span aria-hidden=\"true\" class=\"has-background-dim-100 wp-block-cover__gradient-background has-background-dim has-background-gradient\" style=\"background:linear-gradient(50deg,rgb(7,1,143) 0%,rgb(132,4,206) 100%)\"><\/span><div class=\"wp-block-cover__inner-container is-layout-flow wp-block-cover-is-layout-flow\">\n<div class=\"wp-block-group alignwide is-layout-constrained wp-block-group-is-layout-constrained\"><div class=\"wp-block-group__inner-container\">\n<div class=\"wp-block-media-text alignwide has-media-on-the-right is-stacked-on-mobile is-vertically-aligned-center\" style=\"grid-template-columns:auto 45%\"><figure class=\"wp-block-media-text__media\"><img loading=\"lazy\" decoding=\"async\" width=\"600\" height=\"400\" src=\"https:\/\/hexabot.pl\/wp-content\/uploads\/2022\/04\/why-us-removebg-preview.png\" alt=\"\" class=\"wp-image-843 size-full\" srcset=\"https:\/\/hexabot.pl\/wp-content\/uploads\/2022\/04\/why-us-removebg-preview.png 600w, https:\/\/hexabot.pl\/wp-content\/uploads\/2022\/04\/why-us-removebg-preview-300x200.png 300w\" sizes=\"auto, (max-width: 600px) 100vw, 600px\" \/><\/figure><div class=\"wp-block-media-text__content\">\n<h1 class=\"has-text-align-left has-white-color has-text-color wp-block-heading\">Nasz Zesp\u00f3\u0142<\/h1>\n<\/div><\/div>\n<\/div><\/div>\n<\/div><\/div>\n\n\n\n<div class=\"wp-block-cover alignfull is-light\" style=\"min-height:800px;aspect-ratio:unset;\"><span aria-hidden=\"true\" class=\"has-background-dim-0 wp-block-cover__gradient-background has-background-dim\"><\/span><img loading=\"lazy\" decoding=\"async\" width=\"1704\" height=\"2560\" class=\"wp-block-cover__image-background wp-image-758\" alt=\"\" src=\"https:\/\/hexabot.pl\/wp-content\/uploads\/2022\/04\/kristine-tanne-Bm6i9Z6shUY-unsplash-scaled.jpg\" style=\"object-position:50% 20%\" data-object-fit=\"cover\" data-object-position=\"50% 20%\" srcset=\"https:\/\/hexabot.pl\/wp-content\/uploads\/2022\/04\/kristine-tanne-Bm6i9Z6shUY-unsplash-scaled.jpg 1704w, https:\/\/hexabot.pl\/wp-content\/uploads\/2022\/04\/kristine-tanne-Bm6i9Z6shUY-unsplash-200x300.jpg 200w, https:\/\/hexabot.pl\/wp-content\/uploads\/2022\/04\/kristine-tanne-Bm6i9Z6shUY-unsplash-682x1024.jpg 682w, https:\/\/hexabot.pl\/wp-content\/uploads\/2022\/04\/kristine-tanne-Bm6i9Z6shUY-unsplash-768x1154.jpg 768w, https:\/\/hexabot.pl\/wp-content\/uploads\/2022\/04\/kristine-tanne-Bm6i9Z6shUY-unsplash-1023x1536.jpg 1023w, https:\/\/hexabot.pl\/wp-content\/uploads\/2022\/04\/kristine-tanne-Bm6i9Z6shUY-unsplash-1363x2048.jpg 1363w\" sizes=\"auto, (max-width: 1704px) 100vw, 1704px\" \/><div class=\"wp-block-cover__inner-container is-layout-flow wp-block-cover-is-layout-flow\">\n<div class=\"wp-block-group alignwide is-layout-constrained wp-block-group-is-layout-constrained\"><div class=\"wp-block-group__inner-container\">\n<div class=\"wp-block-columns are-vertically-aligned-top is-layout-flex wp-container-core-columns-is-layout-9d6595d7 wp-block-columns-is-layout-flex\">\n<div class=\"wp-block-column is-vertically-aligned-top is-layout-flow wp-block-column-is-layout-flow\">\n<p class=\"has-ast-global-color-5-color has-text-color has-medium-font-size\">Fabryka Pomys\u0142\u00f3w to zesp\u00f3\u0142 ponad 10 os\u00f3b, In\u017cynier\u00f3w, Tester\u00f3w Oprogramowania i Project Manager\u00f3w z do\u015bwiadczeniem od 8 do 17 lat. Nasz\u0105 warto\u015bci\u0105 jest profesjonalizm, zaanga\u017cowanie i du\u017ce do\u015bwiadczenie.<\/p>\n<\/div>\n\n\n\n<div class=\"wp-block-column is-vertically-aligned-top is-layout-flow wp-block-column-is-layout-flow\">\n<figure class=\"wp-block-image size-full\"><img loading=\"lazy\" decoding=\"async\" width=\"720\" height=\"405\" src=\"https:\/\/hexabot.pl\/wp-content\/uploads\/2022\/04\/CV-Outsourcing-Zespol-OVH.png\" alt=\"\" class=\"wp-image-848\" srcset=\"https:\/\/hexabot.pl\/wp-content\/uploads\/2022\/04\/CV-Outsourcing-Zespol-OVH.png 720w, https:\/\/hexabot.pl\/wp-content\/uploads\/2022\/04\/CV-Outsourcing-Zespol-OVH-300x169.png 300w\" sizes=\"auto, (max-width: 720px) 100vw, 720px\" \/><\/figure>\n<\/div>\n<\/div>\n<\/div><\/div>\n<\/div><\/div>\n\n\n\n<p><\/p>\n","protected":false},"excerpt":{"rendered":"","protected":false},"author":1,"featured_media":0,"parent":519,"menu_order":0,"comment_status":"closed","ping_status":"closed","template":"","meta":{"site-sidebar-layout":"default","site-content-layout":"plain-container","ast-main-header-display":"","ast-hfb-above-header-display":"","ast-hfb-below-header-display":"","ast-hfb-mobile-header-display":"","site-post-title":"disabled","ast-breadcrumbs-content":"disabled","ast-featured-img":"disabled","footer-sml-layout":"","theme-transparent-header-meta":"","adv-header-id-meta":"","stick-header-meta":"","header-above-stick-meta":"","header-main-stick-meta":"","header-below-stick-meta":"","footnotes":""},"class_list":["post-740","page","type-page","status-publish","hentry"],"_links":{"self":[{"href":"https:\/\/hexabot.pl\/index.php\/wp-json\/wp\/v2\/pages\/740","targetHints":{"allow":["GET"]}}],"collection":[{"href":"https:\/\/hexabot.pl\/index.php\/wp-json\/wp\/v2\/pages"}],"about":[{"href":"https:\/\/hexabot.pl\/index.php\/wp-json\/wp\/v2\/types\/page"}],"author":[{"embeddable":true,"href":"https:\/\/hexabot.pl\/index.php\/wp-json\/wp\/v2\/users\/1"}],"replies":[{"embeddable":true,"href":"https:\/\/hexabot.pl\/index.php\/wp-json\/wp\/v2\/comments?post=740"}],"version-history":[{"count":12,"href":"https:\/\/hexabot.pl\/index.php\/wp-json\/wp\/v2\/pages\/740\/revisions"}],"predecessor-version":[{"id":849,"href":"https:\/\/hexabot.pl\/index.php\/wp-json\/wp\/v2\/pages\/740\/revisions\/849"}],"up":[{"embeddable":true,"href":"https:\/\/hexabot.pl\/index.php\/wp-json\/wp\/v2\/pages\/519"}],"wp:attachment":[{"href":"https:\/\/hexabot.pl\/index.php\/wp-json\/wp\/v2\/media?parent=740"}],"curies":[{"name":"wp","href":"https:\/\/api.w.org\/{rel}","templated":true}]}}